 54449
What are the prime factors of 428443?
563, 761
What are the prime factors of 1126356?
2, 3, 7, 11, 23, 53
List the prime factors of 136002.
2, 3, 19, 1193
What are the prime factors of 37538?
2, 137
What are the prime factors of 2492148?
2, 3, 207679
List the prime factors of 3172812.
2, 3, 17, 103, 151
List the prime factors of 3186377.
73, 43649
What are the prime factors of 26358?
2, 3, 23, 191
What are the prime factors of 5745736?
2, 709, 1013
List the prime factors of 7595776.
2, 29671
List the prime factors of 30890108.
2, 7722527
List the prime factors of 2084375.
5, 23, 29
List the prime factors of 84908.
2, 21227
What are the prime factors of 1098093?
3, 366031
List the prime factors of 207220.
2, 5, 13, 797
What are the prime factors of 13902067?
89, 181, 863
What are the prime factors of 552451?
31, 71, 251
What are the prime factors of 210020?
2, 5, 10501
What are the prime factors of 10792262?
2, 13, 415087
List the prime factors of 389064.
2, 3, 13, 29, 43
What are the prime factors of 1027193?
53, 19381
What are the prime factors of 98697?
3, 167, 197
List the prime factors of 2859789.
3, 59, 107, 151
What are the prime factors of 31899134?
2, 821, 19427
List the prime factors of 273868.
2, 7, 9781
What are the prime factors of 392847?
3, 7, 13, 1439
List the prime factors of 144988.
2, 67, 541
What are the prime factors of 36631?
7, 5233
List the prime factors of 8463906.
2, 3, 11, 14249
What are the prime factors of 3375951?
3, 1125317
What are the prime factors of 7357932?
2, 3, 193, 353
What are the prime factors of 109539?
3, 4057
What are the prime factors of 679509?
3, 8389
What are the prime factors of 2782031?
7, 397433
List the prime factors of 12910485.
3, 5, 7, 122957
What are the prime factors of 8852757?
3, 271, 10889
What are the prime factors of 1728486?
2, 3, 32009
What are the prime factors of 5516880?
2, 3, 5, 127, 181
What are the prime factors of 239214?
2, 3, 39869
List the prime factors of 225669.
3, 75223
List the prime factors of 16884477.
3, 625351
List the prime factors of 522285.
3, 5, 34819
List the prime factors of 9555356.
2, 2388839
List the prime factors of 214096.
2, 13381
What are the prime factors of 298904?
2, 37363
What are the prime factors of 2234022?
2, 3, 7, 43, 1237
What are the prime factors of 313028?
2, 139, 563
What are the prime factors of 1699731?
3, 11, 59, 97
List the prime factors of 321751.
321751
What are the prime factors of 484531?
484531
List the prime factors of 226390.
2, 5, 22639
What are the prime factors of 16123029?
3, 13, 413411
List the prime factors of 6782100.
2, 3, 5, 13, 37, 47
List the prime factors of 1120584.
2, 3, 46691
What are the prime factors of 23985908?
2, 5996477
List the prime factors of 25588277.
11, 13, 178939
List the prime factors of 275543.
275543
List the prime factors of 3381143.
3381143
What are the prime factors of 1900192?
2, 7, 17, 499
List the prime factors of 545541.
3, 43, 4229
List the prime factors of 1499265.
3, 5, 33317
What are the prime factors of 206217?
3, 11, 2083
List the prime factors of 741034.
2, 7, 41, 1291
List the prime factors of 4577840.
2, 5, 57223
What are the prime factors of 16351557?
3, 5450519
What are the prime factors of 129426?
2, 3, 11, 37, 53
What are the prime factors of 13799473?
1327, 10399
List the prime factors of 3308050.
2, 5, 66161
What are the prime factors of 665113?
665113
List the prime factors of 880091.
880091
List the prime factors of 307783.
7, 43969
List the prime factors of 1664758.
2, 832379
What are the prime factors of 9281659?
9281659
What are the prime factors of 3294174?
2, 3, 13, 157, 269
List the prime factors of 4176285.
3, 5, 433, 643
List the prime factors of 705874.
2, 13, 17, 1597
List the prime factors of 170173.
167, 1019
List the prime factors of 1125247.
17, 66191
What are the prime factors of 1092605?
5, 218521
List the prime factors of 397864.
2, 41, 1213
List the prime factors of 231779.
231779
List the prime factors of 7944073.
193, 41161
What are the prime factors of 580410?
2, 3, 5, 6449
What are the prime factors of 17517081?
3, 619, 9433
What are the prime factors of 7199990?
2, 5, 7, 73, 1409
What are the prime factors of 211334?
2, 105667
List the prime factors of 144030.
2, 3, 5, 4801
List the prime factors of 723666.
2, 3, 29, 4159
List the prime factors of 5682525.
3, 5, 75767
List the prime factors of 309736.
2, 7, 5531
What are the prime factors of 10460363?
1447, 7229
List the prime factors of 2207531.
37, 59663
List the prime factors of 179641.
7, 11, 2333
List the prime factors of 42872.
2, 23, 233
What are the prime factors of 3245747?
3245747
What are the prime factors of 3409205?
5, 681841
What are the prime factors of 212824?
2, 37, 719
List the prime factors of 2606092.
2, 107, 6089
What are the prime factors of 761554?
2, 380777
List the prime factors of 31498084.
2, 47, 167543
List the prime factors of 1255923.
3, 139547
List the prime factors of 2233209.
3, 11, 31, 37, 59
List the prime factors of 2571300.
2, 3, 5, 2857
What are the prime factors of 443503?
59, 7517
What are the prime factors of 2283940?
2, 5, 114197
What are the prime factors of 3432942?
2, 3, 21191
What are the prime factors of 271103?
7, 38729
What are the prime factors of 18678893?
71, 263083
List the prime factors of 12894152.
2, 43, 37483
What are the prime factors of 32236?
2, 8059
List the prime factors of 146040.
2, 3, 5, 1217
What are the prime factors of 247929?
3, 11, 683
What are the prime factors of 1700945?
5, 109, 3121
What are the prime factors of 341390?
2, 5, 7, 4877
List the prime factors of 24037115.
5, 4807423
List the prime factors of 189224.
2, 7, 31, 109
List the prime factors of 8073985.
5, 773, 2089
What are the prime factors of 1053312?
2, 3, 13, 211
List the prime factors of 32985.
3, 5, 733
What are the prime factors of 11553281?
29, 269, 1481
List the prime factors of 23190260.
2, 5, 19, 61027
What are the prime factors of 1499825?
5, 17, 3529
What are the prime factors of 13431475?
5, 83, 6473
What are the prime factors of 24517468?
2, 17, 360551
What are the prime factors of 53962?
2, 26981
What are the prime factors of 1485669?
3, 251, 1973
List the prime factors of 1322995.
5, 264599
List the prime factors of 7425257.
7, 19, 55829
What are the prime factors of 1172065?
5, 17, 13789
List the prime factors of 6401444.
2, 7, 37, 167
List the prime factors of 4184798.
2, 73, 28663
List the prime factors of 470231.
19, 24749
List the prime factors of 1667674.
2, 29, 28753
List the prime factors of 1784023.
1784023
What are the prime factors of 323650?
2, 5, 6473
What are the prime factors of 123944?
2, 15493
What are the prime factors of 820425?
3, 5, 10939
List the prime factors of 235137.
3, 7, 11197
List the prime factors of 411055.
5, 229, 359
What are the prime factors of 1140148?
2, 149, 1913
What are the prime factors of 288736?
2, 7, 1289
List the prime factors of 452037.
3, 53, 2843
What are the prime factors of 9859995?
3, 5, 73037
What are the prime factors of 928888?
2, 67, 1733
What are the prime factors of 1042483?
13, 80191
What are the prime factors of 36049?
13, 47, 59
What are the prime factors of 20173040?
2, 5, 252163
List the prime factors of 1920436.
2, 7, 107, 641
List the prime factors of 1134780.
2, 3, 5, 18913
What are the prime factors of 4252052?
2, 7, 181, 839
What are the prime factors of 116771?
23, 5077
List the prime factors of 964340.
2, 5, 13, 3709
What are the prime factors of 162254?
2, 31, 2617
What are the prime factors of 1036396?
2, 259099
What are the prime factors of 769721?
101, 7621
List the prime factors of 513329.
29, 31, 571
List the prime factors of 20471.
11, 1861
What are the prime factors of 1027595?
5, 205519
List the prime factors of 4433452.
2, 1108363
What are the prime factors of 1198822?
2, 373, 1607
What are the prime factors of 66184?
2, 8273
What are the prime factors of 101957?
101957
List the prime factors of 4355520.
2, 3, 5, 13, 349
List the prime factors of 833181.
3, 193, 1439
What are the prime factors of 158204?
2, 39551
List the prime factors of 103299.
3, 7, 4919
What are the prime factors of 280135?
5, 179, 313
What are the prime factors of 70724?
2, 17681
List the pr